of 90811347?
0
What is the ten thousands digit of 679451660?
5
What is the hundreds digit of 257800385?
3
What is the ten millions digit of 841039081?
4
What is the hundred thousands digit of 1078083372?
0
What is the ten thousands digit of 424654541?
5
What is the thousands digit of 120190555?
0
What is the hundreds digit of 55243500?
5
What is the hundreds digit of 9734504?
5
What is the hundreds digit of 210749996?
9
What is the tens digit of 5957844?
4
What is the hundreds digit of 84332?
3
What is the units digit of 54878444?
4
What is the hundreds digit of 200188884?
8
What is the billions digit of 1818638779?
1
What is the thousands digit of 53446979?
6
What is the ten thousands digit of 225571477?
7
What is the units digit of 136003452?
2
What is the thousands digit of 42810058?
0
What is the thousands digit of 32244996?
4
What is the thousands digit of 232236316?
6
What is the ten thousands digit of 112174061?
7
What is the millions digit of 122846367?
2
What is the units digit of 3790998558?
8
What is the thousands digit of 89928183?
8
What is the billions digit of 6279251233?
6
What is the tens digit of 47904272?
7
What is the millions digit of 123045074?
3
What is the thousands digit of 5783697471?
7
What is the hundred thousands digit of 90769696?
7
What is the units digit of 143482007?
7
What is the units digit of 348707809?
9
What is the millions digit of 12105167?
2
What is the units digit of 67319074?
4
What is the ten millions digit of 69068820?
6
What is the hundreds digit of 23192533?
5
What is the ten millions digit of 252951200?
5
What is the ten thousands digit of 3466686304?
8
What is the units digit of 273510248?
8
What is the thousands digit of 37594770?
4
What is the hundreds digit of 181067845?
8
What is the ten thousands digit of 46486174?
8
What is the millions digit of 86235763?
6
What is the units digit of 30555014?
4
What is the hundred millions digit of 255007937?
2
What is the hundreds digit of 8653973?
9
What is the thousands digit of 5637141507?
1
What is the ten millions digit of 303142120?
0
What is the hundred millions digit of 422769268?
4
What is the thousands digit of 4672768?
2
What is the hundreds digit of 166215528?
5
What is the thousands digit of 32259712?
9
What is the hundreds digit of 265971761?
7
What is the ten millions digit of 6657838841?
5
What is the ten thousands digit of 308347149?
4
What is the millions digit of 2730790522?
0
What is the ten thousands digit of 58893829?
9
What is the millions digit of 1440511501?
0
What is the thousands digit of 44121897?
1
What is the hundred thousands digit of 487374824?
3
What is the millions digit of 379240662?
9
What is the ten millions digit of 16202751?
1
What is the ten thousands digit of 859653673?
5
What is the thousands digit of 44856026?
6
What is the units digit of 365335711?
1
What is the ten millions digit of 83509071?
8
What is the hundred millions digit of 2720849026?
7
What is the ten millions digit of 818667748?
1
What is the ten millions digit of 92710298?
9
What is the ten thousands digit of 111914838?
1
What is the units digit of 19744155?
5
What is the tens digit of 223081726?
2
What is the tens digit of 18803367?
6
What is the thousands digit of 757435881?
5
What is the thousands digit of 395628946?
8
What is the units digit of 27075548?
8
What is the hundreds digit of 12989749?
7
What is the units digit of 946279915?
5
What is the thousands digit of 238350626?
0
What is the hundred thousands digit of 666980832?
9
What is the units digit of 94075555?
5
What is the ten thousands digit of 1058190823?
9
What is the millions digit of 252241720?
2
What is the millions digit of 13577616?
3
What is the ten thousands digit of 1246361767?
6
What is the ten millions digit of 7935002519?
3
What is the hundred millions digit of 594769487?
5
What is the ten millions digit of 1235560180?
3
What is the ten millions digit of 71666067?
7
What is the millions digit of 577423605?
7
What is the tens digit of 194120484?
8
What is the tens digit of 518673901?
0
What is the units digit of 1435117546?
6
What is the hundred thousands digit of 2412953115?
9
What is the thousands digit of 6161054648?
4
What is the thousands digit of 940722818?
2
What is the thousands digit of 2318735313?
5
What is the hundreds digit of 100270658?
6
What is the thousands digit of 49562144?
2
What is the ten thousands digit of 98602981?
0
What is the hundreds digit of 150929124?
1
What is the millions digit of 138170531?
8
What is the hundred thousands digit of 546843215?
8
What is the ten millions digit of 106891539?
0
What is the tens digit of 39681705?
0
What is the ten thousands digit of 101913363?
1
What is the ten millions digit of 267891713?
6
What is the units digit of 33531247?
7
What is the hundreds digit of 27676196?
1
What is the units digit of 74173907?
7
What is the hundreds digit of 1598753?
7
What is the tens digit of 1574324017?
1
What is the millions digit of 470548532?
0
What is the ten thousands digit of 571698274?
9
What is the tens digit of 24507360?
6
What is the hundreds digit of 264422210?
2
What is the hundred millions digit of 101041704?
1
What is the tens digit of 90492031?
3
What is the ten millions digit of 3405931644?
0
What is the tens digit of 270269538?
3
What is the ten millions digit of 69143405?
6
What is the thousands digit of 3036931753?
1
What is the hundred thousands digit of 532087232?
0
What is the thousands digit of 145341272?
1
What is the thousands digit of 1156380461?
0
What is the ten thousands digit of 1641768446?
6
What is the ten thousands digit of 109489545?
8
What is the tens digit of 2241660857?
5
What is the hundred thousands digit of 949334336?
3
What is the units digit of 7973528?
8
What is the hundreds digit of 6872857?
8
What is the millions digit of 2571566858?
1
What is the ten millions digit of 1104989059?
0
What is the tens digit of 176357025?
2
What is the millions digit of 21336956?
1
What is the ten millions digit of 367103942?
6
What is the hundreds digit of 24457671?
6
What is the thousands digit of 226828972?
8
What is the hundred thousands digit of 8622712136?
7
What is the thousands digit of 22683139?
3
What is the hundred thousands digit of 395733361?
7
What is the hundred thousands digit of 633700380?
7
What is the tens digit of 49504852?
5
What is the millions digit of 69288546?
9
What is the hundred thousands digit of 1706661328?
6
What is the tens digit of 381684574?
7
What is the millions digit of 8623254?
8
What is the tens digit of 749567775?
7
What is the thousands digit of 230727930?
7
What is the ten millions digit of 22427774?
2
What is the ten thousands digit of 2839421822?
2
What is the hundred thousands digit of 27931465?
9
What is the tens digit of 56570496?
9
What is the hundred thousands digit of 195351207?
3
What is the hundreds digit of 226472086?
0
What is the ten millions digit of 291350712?
9
What is the billions digit of 4857805571?
4
What is the units digit of 101693128?
8
What is the ten thousands digit of 3191177?
9
What is the hundred thousands digit of 1697068588?
0
What is the millions digit of 14622713?
4
What is the units digit of 593194703?
3
What is the hundreds digit of 32822565?
5
What is the thousands digit of 831757714?
7
What is the hundreds digit of 549526507?
5
What is the millions digit of 345405278?
5
What is the millions digit of 1214513362?
4
What is the units digit of 2747044738?
8
What is the ten millions digit of 4150946479?
5
What is the tens digit of 1043476840?
4
What is the hundred thousands digit of 213245444?
2
What is the ten thousands digit of 696317314?
1
What is the units digit of 41105916?
6
What is the units digit of 164203931?
1
What is the millions digit of 861052276?
1
What is the hundreds digit of 143922580?
5
What is the ten millions digit of 26149346?
2
What is the hundred thousands digit of 37416911?
4
What is the ten millions digit of 796946163?
9
What is the billions digit of 2299997246?
2
What is the tens digit of 42293136?
3
What is the hundred thousands digit of 2203045103?
0
What is the hundred thousands digit of 1154218791?
2
What is the hundreds digit of 799235744?
7
What is the thousands digit of 305676920?
6
What is the te